{"id":2091,"date":"2022-12-27T23:01:46","date_gmt":"2022-12-27T23:01:46","guid":{"rendered":"https:\/\/psiquiatria.facmed.unam.mx\/?page_id=2091"},"modified":"2026-05-05T18:01:30","modified_gmt":"2026-05-05T18:01:30","slug":"directorio2","status":"publish","type":"page","link":"https:\/\/psiquiatria.facmed.unam.mx\/index.php\/directorio2\/","title":{"rendered":"Directorio2"},"content":{"rendered":"<p>[et_pb_section fb_built=\u00bb1&#8243; _builder_version=\u00bb4.19.2&#8243; _module_preset=\u00bbdefault\u00bb global_colors_info=\u00bb{}\u00bb][et_pb_row _builder_version=\u00bb4.19.2&#8243; _module_preset=\u00bbdefault\u00bb global_colors_info=\u00bb{}\u00bb][et_pb_column type=\u00bb4_4&#8243; _builder_version=\u00bb4.19.2&#8243; _module_preset=\u00bbdefault\u00bb global_colors_info=\u00bb{}\u00bb][et_pb_text _builder_version=\u00bb4.19.2&#8243; _module_preset=\u00bbdefault\u00bb background_enable_pattern_style=\u00bbon\u00bb background_pattern_style=\u00bbzig-zag-2&#8243; text_orientation=\u00bbcenter\u00bb custom_padding=\u00bb17px|||||\u00bb border_radii=\u00bbon|10px|10px|10px|10px\u00bb box_shadow_style=\u00bbpreset7&#8243; global_colors_info=\u00bb{}\u00bb][\/et_pb_text][et_pb_text _builder_version=\u00bb4.24.2&#8243; _module_preset=\u00bbdefault\u00bb text_font=\u00bb|600|||||||\u00bb text_line_height=\u00bb0.7em\u00bb header_font_size=\u00bb31px\u00bb background_color=\u00bb#FFFFFF\u00bb background_enable_pattern_style=\u00bbon\u00bb background_pattern_style=\u00bbzig-zag-2&#8243; background_pattern_color=\u00bb#D6D6D6&#8243; background_pattern_transform=\u00bbinvert\u00bb text_orientation=\u00bbcenter\u00bb custom_margin=\u00bb||20px|||\u00bb custom_padding=\u00bb17px||13px|||\u00bb border_radii=\u00bbon|10px|10px|10px|10px\u00bb box_shadow_style=\u00bbpreset4&#8243; global_colors_info=\u00bb{}\u00bb]<\/p>\n<h3><strong>JEFATURA<\/strong><\/h3>\n<h5><strong>DR. BENJAMIN GUERRERO L\u00d3PEZ<\/strong><\/h5>\n<p><a href=\"mailto:jefatura_psiquiatria@facmed.unam.mx\">jefatura_psiquiatria@facmed.unam.mx<\/a><\/p>\n<p>Jefe del Departamento<\/p>\n<p>Ext. 32128<\/p>\n<p>[\/et_pb_text][et_pb_text _builder_version=\u00bb4.24.2&#8243; _module_preset=\u00bbdefault\u00bb text_line_height=\u00bb0.7em\u00bb header_font_size=\u00bb31px\u00bb text_orientation=\u00bbcenter\u00bb custom_margin=\u00bb||18px|||\u00bb custom_padding=\u00bb19px|||||\u00bb border_radii=\u00bbon|10px|10px|10px|10px\u00bb box_shadow_style=\u00bbpreset7&#8243; global_colors_info=\u00bb{}\u00bb]<\/p>\n<h3><strong>ADMINISTRACI\u00d3N<\/strong><\/h3>\n<h5><strong>MTRA. OFELIA JIM\u00c9NEZ GUTI\u00c9RREZ<\/strong><\/h5>\n<p>Jefa de la Unidad Administrativa<\/p>\n<p>&nbsp;<\/p>\n<h5><strong>ROSA ELENA OLALDE CHAVEZ<\/strong><\/h5>\n<p>Asistente<\/p>\n<p>Ext. 32126<\/p>\n<p>[\/et_pb_text][et_pb_text _builder_version=\u00bb4.19.2&#8243; _module_preset=\u00bbdefault\u00bb text_font=\u00bb|600|||||||\u00bb text_line_height=\u00bb0.7em\u00bb header_font_size=\u00bb31px\u00bb background_color=\u00bb#FFFFFF\u00bb background_enable_pattern_style=\u00bbon\u00bb background_pattern_style=\u00bbzig-zag-2&#8243; background_pattern_color=\u00bb#D6D6D6&#8243; background_pattern_transform=\u00bbinvert\u00bb text_orientation=\u00bbcenter\u00bb custom_margin=\u00bb-2px||12px|||\u00bb custom_padding=\u00bb14px||14px|||\u00bb border_radii=\u00bbon|10px|10px|10px|10px\u00bb box_shadow_style=\u00bbpreset4&#8243; global_colors_info=\u00bb{}\u00bb]<\/p>\n<h3><strong>DOCENCIA<\/strong><\/h3>\n<h5><strong>DRA. ILEANA MAR\u00cdA PETRA MICU<\/strong><\/h5>\n<p><a href=\"mailto:Ipetra@facmed.unam.mx\">Ipetra@facmed.unam.mx<\/a><\/p>\n<p>Coordinadora de Docencia<\/p>\n<p>&nbsp;<\/p>\n<h5><strong>LAURA ELENA P\u00c9REZ SANTANA<\/strong><\/h5>\n<p>Asistente Ext.32318<\/p>\n<p>[\/et_pb_text][et_pb_text _builder_version=\u00bb4.24.2&#8243; _module_preset=\u00bbdefault\u00bb text_line_height=\u00bb1em\u00bb header_font_size=\u00bb31px\u00bb text_orientation=\u00bbcenter\u00bb min_height=\u00bb163px\u00bb custom_margin=\u00bb20px||5px||false|false\u00bb custom_padding=\u00bb20px||0px||false|false\u00bb border_radii=\u00bbon|10px|10px|10px|10px\u00bb box_shadow_style=\u00bbpreset7&#8243; global_colors_info=\u00bb{}\u00bb]<\/p>\n<h3><strong>MEDICINA PSICOL\u00d3GICA Y COMUNICACI\u00d3N \/ POSGRADO<\/strong><\/h3>\n<h5><strong>DRA. CLAUDIA FOUILLOUX MORALES<\/strong><\/h5>\n<p>Responsable de la materia \u00abMedicina Psicol\u00f3gica y comunicaci\u00f3n\u00bb<\/p>\n<p>&nbsp;<\/p>\n<h5><strong>ADRIANA SERRATOS MARTINEZ<\/strong><\/h5>\n<p>Asistente Ext. 32108<\/p>\n<p>&nbsp;<\/p>\n<p>[\/et_pb_text][et_pb_text _builder_version=\u00bb4.24.2&#8243; _module_preset=\u00bbdefault\u00bb text_font=\u00bb|600|||||||\u00bb text_line_height=\u00bb0.7em\u00bb header_font_size=\u00bb31px\u00bb background_color=\u00bb#FFFFFF\u00bb background_enable_pattern_style=\u00bbon\u00bb background_pattern_style=\u00bbzig-zag-2&#8243; background_pattern_color=\u00bb#D6D6D6&#8243; background_pattern_transform=\u00bbinvert\u00bb text_orientation=\u00bbcenter\u00bb custom_margin=\u00bb-11px||22px|||\u00bb custom_padding=\u00bb16px||16px|||\u00bb border_radii=\u00bbon|10px|10px|10px|10px\u00bb box_shadow_style=\u00bbpreset4&#8243; global_colors_info=\u00bb{}\u00bb]<\/p>\n<h2><strong>EVALUACI\u00d3N<\/strong><\/h2>\n<h5><strong>DR. JOAQUIN GUTIERREZ SORIANO<\/strong><\/h5>\n<p>T\u00e9cnico Acad\u00e9mico \u00abResponsable de Evaluaci\u00f3n\u00bb \/ Posgrado<\/p>\n<p><a href=\"mailto:dpsm.evaluacion@facmed.unam.mx\">dpsm.evaluacion@facmed.unam.mx<\/a><\/p>\n<p>&nbsp;<\/p>\n<h5><strong>LAURA ELENA P\u00c9REZ SANTANA<\/strong><\/h5>\n<p>Asistente Ext.32318<\/p>\n<p>[\/et_pb_text][et_pb_text _builder_version=\u00bb4.22.1&#8243; _module_preset=\u00bbdefault\u00bb text_line_height=\u00bb0.7em\u00bb header_font_size=\u00bb31px\u00bb text_orientation=\u00bbcenter\u00bb custom_margin=\u00bb||2px|||\u00bb custom_padding=\u00bb16px|||||\u00bb border_radii=\u00bbon|10px|10px|10px|10px\u00bb box_shadow_style=\u00bbpreset7&#8243; global_colors_info=\u00bb{}\u00bb]<\/p>\n<h3><strong>CAPACITACI\u00d3N CONTINUA<\/strong><\/h3>\n<h5><strong>DRA. CLAUDIA ERIKA RAM\u00cdREZ AVILA<\/strong><\/h5>\n<p><a href=\"mailto:claudia_rmz@facmed.unam.mx\">claudia_rmz@facmed.unam.mx<\/a><\/p>\n<p>Responsable del \u00e1rea de Capacitaci\u00f3n continua<\/p>\n<p>&nbsp;<\/p>\n<p>[\/et_pb_text][et_pb_text _builder_version=\u00bb4.19.2&#8243; _module_preset=\u00bbdefault\u00bb text_font=\u00bb|600|||||||\u00bb text_line_height=\u00bb0.7em\u00bb header_font_size=\u00bb31px\u00bb background_color=\u00bb#FFFFFF\u00bb background_enable_pattern_style=\u00bbon\u00bb background_pattern_style=\u00bbzig-zag-2&#8243; background_pattern_color=\u00bb#D6D6D6&#8243; background_pattern_transform=\u00bbinvert\u00bb text_orientation=\u00bbcenter\u00bb custom_margin=\u00bb||13px|||\u00bb custom_padding=\u00bb14px||14px|||\u00bb border_radii=\u00bbon|10px|10px|10px|10px\u00bb box_shadow_style=\u00bbpreset4&#8243; global_colors_info=\u00bb{}\u00bb]<\/p>\n<h3><strong>DIFUSI\u00d3N<\/strong><\/h3>\n<h5><strong>DRA. OLGA MARINA ROBELO ZARZA<\/strong><\/h5>\n<p><a href=\"mailto:ts_orobelo@facmed.unam.mx\">ts_orobelo@facmed.unam.mx<\/a><\/p>\n<p>Responsable del \u00e1rea de difusi\u00f3n<\/p>\n<p>[\/et_pb_text][et_pb_text _builder_version=\u00bb4.24.2&#8243; _module_preset=\u00bbdefault\u00bb text_line_height=\u00bb0.7em\u00bb header_font_size=\u00bb31px\u00bb text_orientation=\u00bbcenter\u00bb custom_margin=\u00bb23px||15px|||\u00bb custom_padding=\u00bb20px|||||\u00bb hover_enabled=\u00bb0&#8243; border_radii=\u00bbon|10px|10px|10px|10px\u00bb box_shadow_style=\u00bbpreset7&#8243; global_colors_info=\u00bb{}\u00bb sticky_enabled=\u00bb0&#8243;]<\/p>\n<h3><strong>INVESTIGACI\u00d3N<\/strong><\/h3>\n<h5><strong>DRA. AURORA LEONILA JAIMES MEDRANO<\/strong><\/h5>\n<p>Coordinadora de Investigaci\u00f3n<\/p>\n<p>&nbsp;<\/p>\n<h5><strong>MTRA. MA. EUGENIA M\u00dcGGENBURG RODR\u00cdGUEZ-VIGIL<\/strong><\/h5>\n<p>Apoyo log\u00edstico 43132<\/p>\n<p>&nbsp;<\/p>\n<h5><strong>ROSA MARIA VELASCO ORTIZ\u00a0\u00a0\u00a0<\/strong><\/h5>\n<p>Asistente Ext. 43135<\/p>\n<p>[\/et_pb_text][et_pb_text _builder_version=\u00bb4.24.2&#8243; _module_preset=\u00bbdefault\u00bb text_font=\u00bb|600|||||||\u00bb text_line_height=\u00bb1em\u00bb header_font_size=\u00bb31px\u00bb background_color=\u00bb#FFFFFF\u00bb background_enable_pattern_style=\u00bbon\u00bb background_pattern_style=\u00bbzig-zag-2&#8243; background_pattern_color=\u00bb#D6D6D6&#8243; background_pattern_transform=\u00bbinvert\u00bb text_orientation=\u00bbcenter\u00bb custom_margin=\u00bb||17px|||\u00bb custom_padding=\u00bb12px||12px|||\u00bb border_radii=\u00bbon|10px|10px|10px|10px\u00bb box_shadow_style=\u00bbpreset4&#8243; global_colors_info=\u00bb{}\u00bb]<\/p>\n<h3><strong>CLIN\u00cdCA DEL PROGRAMA DE SALUD MENTAL<\/strong><\/h3>\n<h5><strong>DRA. JACQUELINE CORT\u00c9S MORELOS<\/strong><\/h5>\n<p>Coordinadora de la Cl\u00ednica del Programa de Salud Mental<\/p>\n<p>&nbsp;<\/p>\n<p>Asistente Ext. 43125<\/p>\n<p>[\/et_pb_text][et_pb_text _builder_version=\u00bb4.19.2&#8243; _module_preset=\u00bbdefault\u00bb text_line_height=\u00bb0.5em\u00bb header_font_size=\u00bb31px\u00bb text_orientation=\u00bbcenter\u00bb custom_margin=\u00bb||10px|||\u00bb custom_padding=\u00bb14px||0px|||\u00bb border_radii=\u00bbon|10px|10px|10px|10px\u00bb box_shadow_style=\u00bbpreset7&#8243; global_colors_info=\u00bb{}\u00bb]<\/p>\n<h3><strong>NEUROFISIOLOG\u00cdA<\/strong><\/h3>\n<h5><strong>JOS\u00c9 MOIS\u00c9S \u00c1LVAREZ RUEDA<\/strong><\/h5>\n<p><a href=\"mailto:moiar@servidor.unam.mx\">moiar@servidor.unam.mx<\/a><\/p>\n<p>Responsable del \u00e1rea de Neurofisiolog\u00eda<\/p>\n<p>Ext. 32125<\/p>\n<p>&nbsp;<\/p>\n<p>[\/et_pb_text][et_pb_text _builder_version=\u00bb4.19.2&#8243; _module_preset=\u00bbdefault\u00bb text_font=\u00bb|600|||||||\u00bb text_line_height=\u00bb0.7em\u00bb header_font_size=\u00bb31px\u00bb background_color=\u00bb#FFFFFF\u00bb background_enable_pattern_style=\u00bbon\u00bb background_pattern_style=\u00bbzig-zag-2&#8243; background_pattern_color=\u00bb#D6D6D6&#8243; background_pattern_transform=\u00bbinvert\u00bb text_orientation=\u00bbcenter\u00bb custom_margin=\u00bb-20px|||||\u00bb custom_padding=\u00bb13px||13px|||\u00bb border_radii=\u00bbon|10px|10px|10px|10px\u00bb box_shadow_style=\u00bbpreset4&#8243; global_colors_info=\u00bb{}\u00bb]<\/p>\n<h3><strong>\u00c1REA DE TRABAJO SOCIAL<\/strong><\/h3>\n<h5><strong>DRA. LILIA MENDIOLA BORJA<\/strong><\/h5>\n<p><a href=\"mailto:ts_lmendiola@facmed.unam.mx\">ts_lmendiola@facmed.unam.mx<\/a><\/p>\n<p>Responsable del \u00e1rea de Trabajo Social<\/p>\n<p>[\/et_pb_text][et_pb_text _builder_version=\u00bb4.24.2&#8243; _module_preset=\u00bbdefault\u00bb text_line_height=\u00bb0.5em\u00bb header_font_size=\u00bb31px\u00bb text_orientation=\u00bbcenter\u00bb custom_margin=\u00bb||10px|||\u00bb custom_padding=\u00bb14px||0px|||\u00bb border_radii=\u00bbon|10px|10px|10px|10px\u00bb box_shadow_style=\u00bbpreset7&#8243; global_colors_info=\u00bb{}\u00bb]<\/p>\n<h3><strong>C T I\u00a0<\/strong><\/h3>\n<h5><strong>ENRIQUE GONZ\u00c1LEZ ROSALES<\/strong><\/h5>\n<p><a href=\"mailto:rodolfo.reynaga@facmed.unam.mx\">enrique.gonzalez@facmed.unam.mx<\/a><\/p>\n<p>Responsable del Centro de Tecnolog\u00edas de la Informaci\u00f3n y Comunicaci\u00f3n<\/p>\n<p>&nbsp;<\/p>\n<p>[\/et_pb_text][\/et_pb_column][\/et_pb_row][\/et_pb_section]<\/p>\n","protected":false},"excerpt":{"rendered":"<p>JEFATURA DR. BENJAMIN GUERRERO L\u00d3PEZ jefatura_psiquiatria@facmed.unam.mx Jefe del Departamento Ext. 32128ADMINISTRACI\u00d3N MTRA. OFELIA JIM\u00c9NEZ GUTI\u00c9RREZ Jefa de la Unidad Administrativa &nbsp; ROSA ELENA OLALDE CHAVEZ Asistente Ext. 32126DOCENCIA DRA. ILEANA MAR\u00cdA PETRA MICU Ipetra@facmed.unam.mx Coordinadora de Docencia &nbsp; LAURA ELENA P\u00c9REZ SANTANA Asistente Ext.32318MEDICINA PSICOL\u00d3GICA Y COMUNICACI\u00d3N \/ POSGRADO DRA. CLAUDIA FOUILLOUX MORALES Responsable de [&hellip;]<\/p>\n","protected":false},"author":6,"featured_media":0,"parent":0,"menu_order":0,"comment_status":"closed","ping_status":"closed","template":"","meta":{"_et_pb_use_builder":"on","_et_pb_old_content":"","_et_gb_content_width":"","ngg_post_thumbnail":0,"footnotes":""},"class_list":["post-2091","page","type-page","status-publish","hentry"],"jetpack_sharing_enabled":true,"_links":{"self":[{"href":"https:\/\/psiquiatria.facmed.unam.mx\/index.php\/wp-json\/wp\/v2\/pages\/2091","targetHints":{"allow":["GET"]}}],"collection":[{"href":"https:\/\/psiquiatria.facmed.unam.mx\/index.php\/wp-json\/wp\/v2\/pages"}],"about":[{"href":"https:\/\/psiquiatria.facmed.unam.mx\/index.php\/wp-json\/wp\/v2\/types\/page"}],"author":[{"embeddable":true,"href":"https:\/\/psiquiatria.facmed.unam.mx\/index.php\/wp-json\/wp\/v2\/users\/6"}],"replies":[{"embeddable":true,"href":"https:\/\/psiquiatria.facmed.unam.mx\/index.php\/wp-json\/wp\/v2\/comments?post=2091"}],"version-history":[{"count":25,"href":"https:\/\/psiquiatria.facmed.unam.mx\/index.php\/wp-json\/wp\/v2\/pages\/2091\/revisions"}],"predecessor-version":[{"id":5376,"href":"https:\/\/psiquiatria.facmed.unam.mx\/index.php\/wp-json\/wp\/v2\/pages\/2091\/revisions\/5376"}],"wp:attachment":[{"href":"https:\/\/psiquiatria.facmed.unam.mx\/index.php\/wp-json\/wp\/v2\/media?parent=2091"}],"curies":[{"name":"wp","href":"https:\/\/api.w.org\/{rel}","templated":true}]}}